
7, 269
Let z = 10 + -17. Let y(w) = -4*w + 11. Let c be y(z). What are the prime factors of (c/(-2))/(12/(-24))?
3, 13
Suppose -2*v - 535 = -2*w - 87, -3*w = -4*v - 667. List the prime factors of w.
229
Suppose -561*s + 562*s = 561. List the prime factors of s.
3, 11, 17
Suppose 4*q + 7*i - 8*i - 3320 = 0, -2*q + 1670 = -3*i. List the prime factors of q.
829
What are the prime factors of 538/(((-44)/(-231))/((-4)/(-14)))?
3, 269
Let z = 2482 + 815. What are the prime factors of z?
3, 7, 157
Suppose -51 = 5*f - 46. Let q = f - -107. List the prime factors of q.
2, 53
Suppose 0 = -58*n + 126856 + 10662. List the prime factors of n.
2371
Let w(f) = -f**2 - f - 1. Let m(i) = -4*i**2 - 10*i - 8. Let n(l) = m(l) - 5*w(l). What are the prime factors of n(9)?
3, 11
What are the prime factors of 2137 - 8 - 3*2?
11, 193
Suppose -65*p + 62*p = -4197. List the prime factors of p.
1399
Let i(h) be the third derivative of 157*h**6/60 + h**5/60 - 5*h**4/24 + h**3/2 + 3*h**2 - 11. What are the prime factors of i(1)?
313
Let r be 4/6 - (-18)/(-27). Suppose r = -3*j - 8 + 17. List the prime factors of j.
3
Suppose 2*p = -2*p - b + 10828, 0 = -p - 4*b + 2692. List the prime factors of p.
2, 677
Let a = -6 + 8. Let s(y) = -a*y**3 + 2*y**3 - 2*y**3 + y + 1 + 2*y**2. What are the prime factors of s(-2)?
23
Let a = 506 - 77. What are the prime factors of a?
3, 11, 13
Let h(k) be the third derivative of -k**6/120 + 3*k**5/20 + 7*k**4/12 + k**3/2 - 2*k**2. List the prime factors of h(7).
199
Suppose -p = -3*d - 5 + 14, 4 = 2*d. What are the prime factors of p/6*(2 + 2)*-9?
2, 3
Suppose 4*p + 8 = 56. Let c = -13 + p. Let q = c + 5. List the prime factors of q.
2
Suppose 11*l = -30*l + 24969. What are the prime factors of l?
3, 7, 29
Suppose 0 = -10*g - 711 + 6581. What are the prime factors of g?
587
Let y = 25 - 22. Suppose y*g - 111 = -4*i, -3*i + 81 = -0*g + 3*g. List the prime factors of i.
2, 3, 5
Let q be 63/7*(-4)/(-6). Let l be (1 - 10)*(-220)/12. Suppose -q*j + l = -3*j. List the prime factors of j.
5, 11
Let w = 2478 - -895. What are the prime factors of w?
3373
Let w(h) = -h**2 - 12*h + 18. Suppose -2*l = -5*l - v - 36, 2*l + 38 = 4*v. Let r be w(l). What are the prime factors of -3 + r - -2 - -63?
67
Let r(h) be the second derivative of h**4/12 - 2*h**3/3 + 11*h**2/2 + h. Let m(s) = -s**2 + s + 5. Let l be m(0). What are the prime factors of r(l)?
2
Suppose 9*h = 1990 + 1898. List the prime factors of h.
2, 3
Let y(z) = -z + 24. Suppose -4*w + 2*q - 4 = 6*q, -4*w = -4*q + 28. Let s(j) = j**3 + 6*j**2 + 7*j + 6. Let g be s(w). List the prime factors of y(g).
2, 7
Suppose -3*u + 22 + 44 = 0. Let z = 76 - u. Let v = z - 22. List the prime factors of v.
2
Let a = 24 + -19. Suppose a*b + 25 = 5*f, -13 = 5*b - 4*f + 7. Suppose -o = 5*g - 177, g + o - 33 = -b*g. What are the prime factors of g?
2, 3
Let w(y) = 2*y + 10. Let l be w(-5). Suppose b - 4 = -l. Suppose 5*x + 60 = 5*u - 50, 3*u + b*x - 45 = 0. What are the prime factors of u?
19
Let y be -5*-16*3/(-30). Let k = y + 24. List the prime factors of k.
2
Suppose -2*h + 20 = -n, 5*n = 2*h - 0*h - 36. Let v(c) = c**3 - 8*c**2 + 3*c - 7. What are the prime factors of v(h)?
17
List the prime factors of (-2)/1 - (9 - 6) - -896.
3, 11
Suppose 0 = -18*v + 2786 + 7798. Suppose -3*t = t - v. List the prime factors of t.
3, 7
Let f be -2 + 23 + 7 + -8. Suppose -16*m = -f*m + 652. List the prime factors of m.
163
Suppose -x + 1503 = 34*o - 29*o, -4*x - 5*o + 5937 = 0. List the prime factors of x.
2, 739
Suppose 5*d + y - 2*y = 69, -3*y + 1 = d. Let r(m) = 7*m - 19. What are the prime factors of r(d)?
2, 3
List the prime factors of 983 - (-22)/(-77)*-7.
5, 197
Let d be (0 + -1)*(4 + 55). Let z = 114 + d. What are the prime factors of z?
5, 11
Let c be (2 + -8)/(-3) - (-2 + 1). Suppose k + c*d - 12 = 2*d, k - 28 = -5*d. What are the prime factors of k?
2
Let p(u) = -35*u + 16. Let j(x) = -x. Let b(i) = 6*j(i) - p(i). List the prime factors of b(5).
3, 43
Suppose 3*n + 2*t - 926 = 0, -344 - 580 = -3*n - 3*t. Suppose -n = -16*p + 11*p. Suppose 2*m + 4*j = 2 + 24, -4*m + p = 3*j. List the prime factors of m.
17
Suppose l = -6*s + 10*s - 5417, 3*s - 3*l = 4074. What are the prime factors of s?
3, 11, 41
List the prime factors of (-22)/44 - (-1 + 17830/(-4)).
2, 3, 743
Suppose -3 = v + 3*q, 2*q = -5*v + 26 - 80. Let f be (2/(-6))/(1/(-63)). Let l = f + v. What are the prime factors of l?
3
Let t = 7 + -4. Suppose 5*j - 228 = j. Suppose s - 6 = 3*c - 64, 2*c + t*s = j. What are the prime factors of c?
3, 7
Suppose 19*z + 211 = 20*z. Let q be ((-5 + 1)*1)/(-1). Suppose -q*k + z = 39. What are the prime factors of k?
43
Suppose -10*o - 5558 = -5*s - 6*o, 2*s - 2*o - 2222 = 0. List the prime factors of s.
2, 557
Let k be (3 - 40/4)*1. What are the prime factors of 0/1 + k/((-28)/300)?
3, 5
Let d(n) = 63*n**2 + 14*n + 7. List the prime factors of d(-6).
7, 313
Let f(a) = -a**2 + 8*a + 7. Let p be f(9). List the prime factors of -3 - (-74 - p) - 4.
5, 13
Let u = 465 + 433. What are the prime factors of u?
2, 449
Suppose -4*u + 2*u = -2. Suppose 0 = l - u - 3. Suppose l*o - 66 = 2*p, -2*o - 1 + 25 = -4*p. List the prime factors of o.
2, 3
Let s(d) be the second derivative of -1/2*d**2 + 1/6*d**3 - 4*d + 0 + 1/2*d**4. List the prime factors of s(1).
2, 3
List the prime factors of ((-825)/(-6))/5*(-38)/(-1).
5, 11, 19
Suppose 4 = -4*f + 20. Let i be (1 + -1 + 1)/(1/1278). List the prime factors of (i/(-36))/((-2)/f).
71
Let d be -4 + 76/2 - 1. Let x be ((-2)/7)/((-1)/7). Suppose 5*h + d = r, -x*h - 7 = -1. What are the prime factors of r?
2, 3
Suppose 4*d - 9564 = 5*s, -s = -d + 1258 + 1132. What are the prime factors of d?
2, 1193
Let o = -28 + 30. Suppose -o*d = -4*d + 18. What are the prime factors of d?
3
Suppose g = 3*g - 6. Suppose -p + 52 = -g*a, -5*p - 5*a = -10*p + 290. What are the prime factors of p?
61
Suppose -4*n = 4*b + 12, 4*n + 3*b + 2*b + 17 = 0. Let o(x) = 0*x**n + 31*x - 18*x + x**2. List the prime factors of o(-15).
2, 3, 5
Let g = -30 - -33. Let t be 2 + -3*(-2)/g. Suppose -135 = -t*a - 3. List the prime factors of a.
3, 11
Suppose -10 = 5*m, -4*m - 64 = -5*u - 2*m. Let l(q) = 2*q**2 - 19*q + 16. What are the prime factors of l(u)?
2, 19
Let n(t) = -t**3 - t. Let p(r) = 5*r**3 + 14*r**2 + 25*r + 7. Let g(a) = 4*n(a) + p(a). What are the prime factors of g(-10)?
197
Let o be 10/(0 + 2/189). Suppose 0 = -3*g - 3*x - 2*x + 132, -g - 3*x = -40. List the prime factors of o/g + (-2)/7.
19
Suppose 6*s = 9*s - 24. Suppose h = -3*j + 16, 3*h - 2*h - j = 20. Suppose p - h = s. What are the prime factors of p?
3
Let j = -58 - -263. Suppose 0 = 5*g - 4*b - 254, -5*g + 5*b = -g - j. What are the prime factors of g?
2, 5
Let c = -42 - -22. Let y be (-68)/c - (-4)/(-10). Suppose -y*n + 10 = 2*n. List the prime factors of n.
2
Let r = -616 + 887. Let g = -133 + r. List the prime factors of g.
2, 3, 23
Let u(h) = h - 15. Let r be u(8). Let k = 1 + r. Let z = 9 - k. List the prime factors of z.
3, 5
Let f = 135 + -31. List the prime factors of f.
2, 13
Let j(l) = 5*l**2 + 2*l - 3. Let n be j(3). Suppose 4*g + k - 102 = 3*k, 2*g - 2*k = n. What are the prime factors of g?
3
Let o(z) = 14*z + 1. Let i(x) be the third derivative of 29*x**4/24 + x**3/6 - 9*x**2. Let d(h) = 3*i(h) - 7*o(h). What are the prime factors of d(-5)?
3, 17
Let h = 353 - 583. Let k = 116 + h. List the prime factors of (3 - 0)/((-18)/k).
19
Suppose 120 + 96 = 2*f. List the prime factors of f.
2, 3
Suppose r = -n - 4*r + 48, -5*n + 240 = 3*r. What are the prime factors of (58/(-6)*-4)/(16/n)?
2, 29
Let g(p) be the third derivative of p**5/30 + 5*p**4/12 + 5*p**3/6 + 4*p**2. List the prime factors of g(7).
173
Suppose -7*c + c - 6 = 0. Let o(p) = 92*p**2 + 3*p + 1. What are the prime factors of o(c)?
2, 3, 5
Suppose 5*y - 1361 = -3*n + 391, -5*y = -4*n + 2371. Let v = -330 + n. List the prime factors of v.
7, 37
Suppose -4*c - x + 9675 = 0, 12 = -3*x + 7*x. What are the prime factors of c?
2, 3, 13, 31
Let u be (-3 + -23)/(-4 - -2). Let m = u - 13. Suppose m*z = -7*z + 364. List the prime factors of z.
2, 13
Let c(j) = 10*j**3 - 11*j**2 + 8*j - 49. What are the prime factors of c(6)?
41, 43
Suppose -5*q + 53 + 2 = 0. Let n = 13 - q. List the prime factors of